{"id":3,"date":"2008-11-24T17:31:31","date_gmt":"2008-11-24T16:31:31","guid":{"rendered":"http:\/\/ekkehard-friebe.de\/blog\/?page_id=3"},"modified":"2021-08-19T11:14:20","modified_gmt":"2021-08-19T10:14:20","slug":"impressum","status":"publish","type":"page","link":"https:\/\/ekkehard-friebe.de\/blog\/impressum\/","title":{"rendered":"Impressum"},"content":{"rendered":"<h3>Zur Person<\/h3>\n<dl class=\"clearfix fotor\">\n<dt><img loading=\"lazy\" decoding=\"async\" title=\"Ekkehard Friebe\" src=\"http:\/\/www.ekkehard-friebe.de\/blog\/wp-content\/themes\/blog\/images\/ef.jpg\" alt=\"Ekkehard Friebe\" width=\"200\" height=\"260\" \/><\/dt>\n<dd style=\"text-align: center;\"><em>Ekkehard Friebe<\/em><\/dd>\n<\/dl>\n<p style=\"text-align: justify;\">Ekkehard Friebe wurde 1927 in Hannover geboren und legte &#8211; nach R\u00fcckkehr aus amerikanischer Kriegsgefangenschaft &#8211; im Jahre 1953 an der Technischen Hochschule Hannover sein Diplomexamen im Bereich Elektrotechnik (Energietechnik) ab.<\/p>\n<p style=\"text-align: justify;\">Anschlie\u00dfend war er fast 10 Jahre in der Industrie (Siemens) als Entwicklungs-ingenieur t\u00e4tig.<\/p>\n<p style=\"text-align: justify;\">Im Jahre 1963 wurde er vom Deutschen Patentamt M\u00fcnchen als Patentpr\u00fcfer bestellt.<\/p>\n<p style=\"text-align: justify;\">Seit 1979 befasste er sich nebenberuflich intensiv mit den Grundlagen der Physik und hat hierzu zahlreiche Vortr\u00e4ge gehalten und Ver\u00f6ffentlichungen herausgebracht. Seit seiner Pensionierung im Fr\u00fchjahr 1989 gilt dieser Thematik eine weiter vertiefte Aufmerksamkeit.<\/p>\n<h3>Impressum<\/h3>\n<h2>Angaben gem\u00e4\u00df \u00a7 5 TMG:<\/h2>\n<p>Jocelyne Lopez<\/p>\n<h2>Kontakt:<\/h2>\n<p>E-Mail: ekkehard [ad] ekkehard-friebe.de<\/p>\n<p>E-Mail: info [ad] jocelyne-lopez.de<\/p>\n<h2>Haftung f\u00fcr Inhalte<\/h2>\n<p>Als Diensteanbieter sind wir gem\u00e4\u00df<br \/>\n\u00a7 7 Abs.1 TMG f\u00fcr eigene Inhalte auf diesen Seiten nach den allgemeinen Gesetzen<br \/>\nverantwortlich. Nach \u00a7\u00a7 8 bis 10 TMG sind wir als Diensteanbieter jedoch nicht verpflichtet,<br \/>\n\u00fcbermittelte oder gespeicherte fremde Informationen zu \u00fcberwachen oder nach<br \/>\nUmst\u00e4nden zu forschen, die auf eine rechtswidrige T\u00e4tigkeit hinweisen.<\/p>\n<p>Verpflichtungen zur Entfernung oder Sperrung der Nutzung von Informationen nach den allgemeinen<br \/>\nGesetzen bleiben hiervon unber\u00fchrt. Eine diesbez\u00fcgliche Haftung ist jedoch erst ab dem<br \/>\nZeitpunkt der Kenntnis einer konkreten Rechtsverletzung m\u00f6glich. Bei Bekanntwerden von<br \/>\nentsprechenden Rechtsverletzungen werden wir diese Inhalte umgehend entfernen.<\/p>\n<h2>Haftung<br \/>\nf\u00fcr Links<\/h2>\n<p>Unser Angebot enth\u00e4lt Links zu externen Websites Dritter, auf deren Inhalte<br \/>\nwir keinen Einfluss haben. Deshalb k\u00f6nnen wir f\u00fcr diese fremden Inhalte auch keine<br \/>\nGew\u00e4hr \u00fcbernehmen. F\u00fcr die Inhalte der verlinkten Seiten ist stets der jeweilige Anbieter<br \/>\noder Betreiber der Seiten verantwortlich. Die verlinkten Seiten wurden zum Zeitpunkt der Verlinkung auf<br \/>\nm\u00f6gliche Rechtsverst\u00f6\u00dfe \u00fcberpr\u00fcft. Rechtswidrige Inhalte waren zum<br \/>\nZeitpunkt der Verlinkung nicht erkennbar.<\/p>\n<p>Eine permanente inhaltliche Kontrolle der verlinkten<br \/>\nSeiten ist jedoch ohne konkrete Anhaltspunkte einer Rechtsverletzung nicht zumutbar. Bei<br \/>\nBekanntwerden von Rechtsverletzungen werden wir derartige Links umgehend entfernen.<\/p>\n<h2>Urheberrecht<\/h2>\n<p>Die durch die Seitenbetreiber erstellten Inhalte und Werke auf diesen Seiten<br \/>\nunterliegen dem deutschen Urheberrecht. Die Vervielf\u00e4ltigung, Bearbeitung, Verbreitung und jede<br \/>\nArt der Verwertung au\u00dferhalb der Grenzen des Urheberrechtes bed\u00fcrfen der schriftlichen<br \/>\nZustimmung des jeweiligen Autors bzw. Erstellers. Downloads und Kopien dieser Seite sind nur f\u00fcr<br \/>\nden privaten, nicht kommerziellen Gebrauch gestattet.<\/p>\n<p>Soweit die Inhalte auf dieser Seite nicht<br \/>\nvom Betreiber erstellt wurden, werden die Urheberrechte Dritter beachtet. Insbesondere werden Inhalte<br \/>\nDritter als solche gekennzeichnet. Sollten Sie trotzdem auf eine Urheberrechtsverletzung aufmerksam<br \/>\nwerden, bitten wir um einen entsprechenden Hinweis. Bei Bekanntwerden von Rechtsverletzungen werden wir derartige Inhalte umgehend entfernen.<\/p>\n<p>Quelle: <a href=\"https:\/\/www.erecht24. de\">eRecht24<\/a><\/p>\n","protected":false},"excerpt":{"rendered":"<p>Zur Person Ekkehard Friebe Ekkehard Friebe wurde 1927 in Hannover geboren und legte &#8211; nach R\u00fcckkehr aus amerikanischer Kriegsgefangenschaft &#8211; im Jahre 1953 an der Technischen Hochschule Hannover sein Diplomexamen im Bereich Elektrotechnik (Energietechnik) ab. Anschlie\u00dfend war er fast 10 Jahre in der Industrie (Siemens) als Entwicklungs-ingenieur t\u00e4tig. Im Jahre 1963 wurde er vom Deutschen [&hellip;]<\/p>\n","protected":false},"author":3,"featured_media":0,"parent":0,"menu_order":0,"comment_status":"open","ping_status":"open","template":"","meta":{"footnotes":""},"class_list":["post-3","page","type-page","status-publish","hentry"],"_links":{"self":[{"href":"https:\/\/ekkehard-friebe.de\/blog\/wp-json\/wp\/v2\/pages\/3"}],"collection":[{"href":"https:\/\/ekkehard-friebe.de\/blog\/wp-json\/wp\/v2\/pages"}],"about":[{"href":"https:\/\/ekkehard-friebe.de\/blog\/wp-json\/wp\/v2\/types\/page"}],"author":[{"embeddable":true,"href":"https:\/\/ekkehard-friebe.de\/blog\/wp-json\/wp\/v2\/users\/3"}],"replies":[{"embeddable":true,"href":"https:\/\/ekkehard-friebe.de\/blog\/wp-json\/wp\/v2\/comments?post=3"}],"version-history":[{"count":0,"href":"https:\/\/ekkehard-friebe.de\/blog\/wp-json\/wp\/v2\/pages\/3\/revisions"}],"wp:attachment":[{"href":"https:\/\/ekkehard-friebe.de\/blog\/wp-json\/wp\/v2\/media?parent=3"}],"curies":[{"name":"wp","href":"https:\/\/api.w.org\/{rel}","templated":true}]}}